-4). Let n be i + j*8 + -2. Let q(a) = -a - 1. Determine q(n).
-5
Let s(a) = 5*a**2 + 3. Let y = 11 + -18. Let j = y - -5. Let m(v) = -4*v**2 - 2. Let t(z) = j*s(z) - 3*m(z). Determine t(-1).
2
Suppose -14 = -2*i + 18. Let d(h) = -2*h - 1 + 0 + i*h**2 - 3*h**2 + h. Calculate d(-1).
13
Suppose -5*y + 24 = 4*o - 3*y, 0 = 5*o + 3*y - 32. Let m(h) be the first derivative of -1/2*h**2 - 1 - 5*h - h**3 + 1/4*h**4. Give m(o).
7
Let d be (0 - 1)/((-7)/14). Let n(x) = -4*x**2 - 2 + 0 - 4*x**d + 1. Give n(-1).
-9
Let v(y) = 2*y**2 + 5 - 7*y - y**2 + 2. Suppose 2*m = -0*m + 14. Suppose -1 + m = a. Calculate v(a).
1
Let v(n) = n**3 - 5*n**2 + 3. Let f be ((-9)/(-6))/((-21)/(-56)). Give v(f).
-13
Let o(v) = v**3 - 5*v**2 + 5*v - 4. Let w be 18/10*100/30. Suppose -3*r = d - 6 - w, 4*r - 27 = -5*d. Calculate o(d).
-7
Let a be 20/(-1 - -6) + -7. Let o(s) = -4*s - 2. Let b(w) = 3*w + 1. Let d(t) = -2*b(t) - 3*o(t). What is d(a)?
-14
Let n(r) be the first derivative of -3*r**2/2 + 6*r - 17. Give n(5).
-9
Let h(b) = -b**3 + 9*b**2 + 11*b - 13. Let c be h(10). Let a = c - -3. Let i be 2 + (-2 - (5 + a)). Let g(s) = 2*s + 2. Calculate g(i).
-8
Suppose -4*w = u + 15, 4*u = 3*u + 5*w + 12. Suppose 0 = -5*q + 4 + 16. Let s(m) = -m + 4*m**2 - 1 - q*m**2 - 3*m - m**2. What is s(u)?
2
Let b(h) = h - 3. Let w be b(0). Let u be -4*(6/(-2))/w. Let p(m) be the third derivative of m**6/120 + m**5/15 - m**4/12 - m**3 + 2*m**2. What is p(u)?
2
Let p = -1 + 0. Let f(y) = -18*y + 25*y + 2 + 2 - 3. Give f(p).
-6
Let z(g) be the second derivative of 0 + 1/6*g**4 + 3*g + 0*g**2 - 1/2*g**3. What is z(2)?
2
Let p(b) be the second derivative of b**3/2 + 3*b**2/2 - b. Let r(z) = z**2 + 15*z - 31. Let g be r(-17). Give p(g).
12
Let v = -4 + 3. Let i(d) = d**2 - 1. Let n(a) = 6*a**2 - 2. Let x(l) = v*n(l) + 3*i(l). Suppose w - m = -1, -4 = -5*m + 6. Give x(w).
-4
Let l(g) = -2*g + 5. Suppose 3*k + 3 = -4*x, -2*k - 4*x = 5 + 1. Suppose 4*i = 8*i - 40. Let a(j) = 6*j - 16. Let u(p) = i*l(p) + k*a(p). What is u(4)?
-6
Suppose 0 + 2 = 2*u. Let i(x) = -55*x + 122*x - 59*x. Determine i(u).
8
Let v(n) be the third derivative of -n**5/15 - n**4/24 + 2*n**2. Let q be (-12)/30 - (-24)/10. Let x be -2 + q + (1 - 0). Calculate v(x).
-5
Let q(j) be the first derivative of j**3/3 + 4*j**2 + 5*j + 19. Give q(-6).
-7
Let n(i) = i**2 + i + 1. Let g(u) be the second derivative of u**4/6 + 5*u**3/6 + 5*u**2/2 - 6*u. Let a(o) = -g(o) + 4*n(o). Calculate a(-1).
2
Let h(f) = -4*f + 0*f**2 + f**3 - f + 1 - 3*f**2. Let w be (3/(-6))/((-2)/32). Suppose 2*x - 2 + w = 4*s, -3*s - 3*x + 27 = 0. Determine h(s).
-3
Suppose -s + 4*s - 3*d = -3, 5*s + 2*d - 30 = 0. Let v(f) = 1 + 1 + s*f - 3*f**2 - 6 + f**3. Give v(3).
8
Let x(t) = t**2 + 11*t + 2. Let r(z) = -2 + 1 + z + 0*z + 0. Let p(k) = -4*r(k) + x(k). Suppose b = u - 4, -3*b - 3*u = 11 + 1. Determine p(b).
-6
Let m(c) = -c**2 + 2*c + 8. Let i(p) = 6*p**2 - 3*p - 2. Let q(l) = 7*l**2 - 3*l - 1. Let r(d) = 6*i(d) - 5*q(d). Let u(f) = 4*m(f) + 5*r(f). Give u(6).
-9
Let n(u) be the first derivative of -5/2*u**2 - 5 - u. Let d(g) = -g**2 + 2*g + 1. Let m be d(-1). Determine n(m).
9
Let q = -3 - -8. Let t(f) be the third derivative of f**4/24 - 5*f**3/6 + f**2. What is t(q)?
0
Suppose -2*f = -4, 0 = -2*b - 2*b + 5*f + 2. Let r(t) = 5 - 3 - t - b - 5. Suppose c + c + 22 = -5*o, 4*o + 5*c + 4 = 0. What is r(o)?
0
Let f(v) = v - 3. Let x(a) = 5*a - 15. Let n(m) = 11*f(m) - 2*x(m). Give n(7).
4
Suppose -r = -3*t + 12, 2*t - 1 = -3*r + 7. Let j(b) = b**3 - 6*b**2 + 6*b - 4. Calculate j(t).
-12
Let m(c) = c**3 - 4*c**2 + 2*c + 3. Let o(a) = a + 7. Let z(p) = -p - 6. Let u(h) = -3*o(h) - 4*z(h). Let y be u(-3). Suppose -5*k = -y*k - 20. What is m(k)?
11
Let l(a) = a + 1. Let d(m) be the second derivative of 3*m**3/2 + 2*m**2 + m. Let y(u) = -d(u) + 4*l(u). Give y(-1).
5
Let v(r) = -5*r**2 + 6*r + 7. Suppose 3*k = -2*g - 0 - 2, 20 = -5*k. Let h(y) = 4*y**2 - 5*y - 6. Let j(f) = g*v(f) + 6*h(f). Let n = -6 + 5. Determine j(n).
-2
Let x(v) be the second derivative of -v**5/60 + v**4/6 - v**3/2 - 3*v**2/2 + 2*v. Let u(n) be the first derivative of x(n). What is u(4)?
-3
Let x(s) = s**3 - 6*s**2 + 6*s - 6. Let v be (0 + -2)*(-13 - -3). Suppose -7*p = -3*p - v. Give x(p).
-1
Suppose -4*p + 3 + 17 = 0. Suppose 12 - 32 = p*k. Let c be ((-2)/(-4))/(k/40). Let d(i) = -2*i - 6. Determine d(c).
4
Let b(k) be the third derivative of k**5/60 - 13*k**2. Determine b(2).
4
Let r(t) = -2 + t + 0 - 3*t + t. Let f be -2 - (2/(-2) - -2). Give r(f).
1
Let z(f) = -f**2 - 3*f - 6. Let s be z(-6). Let b be s/5 + 6/(-30). Let q(w) = w**2 + 6*w + 6. Give q(b).
1
Let y be (2/(-4))/((-2)/8). Let i(m) = 9 + m - 2*m**2 - 8 + 4*m**y. Suppose -5*l = -5*c - 30, -3*l - 2*l + 4*c = -26. Give i(l).
11
Let w(s) = -2*s**2 - 13*s - 4. Let b(a) = 2*a**2 + 11*a + 3. Let p(v) = 4*b(v) + 3*w(v). Determine p(-4).
12
Let a = -111/2 - -223/4. Let t(v) be the first derivative of -4 - 3*v**2 - 2*v**3 - a*v**4 + v. Calculate t(-5).
6
Suppose 0 = 2*r + 3*g - 11, g = -0*r + 5*r - 36. Suppose 0 = a - 5 - 2. Let v(f) = f**2 + f + r - a*f - f. What is v(6)?
1
Suppose 4*h - 8 = -2*r - 14, -3*r + 7 = 2*h. Let a(i) = i**3 + 4*i**2 - 3*i + 3. What is a(h)?
15
Let r(h) = 6*h**2 + h. Let a be -1 - 0*(-3 + 2). What is r(a)?
5
Let n be (-4 - -1)/(1/1). Let v = -1 - n. Let w(i) = 7*i**2 - 11. Let z(y) = 16*y**2 - y - 24. Let q(o) = 9*w(o) - 4*z(o). Calculate q(v).
1
Let r(i) = -12*i + 19. Let c(k) = 5*k - 9. Let x(w) = 5*c(w) + 2*r(w). Give x(5).
-2
Let b(f) be the third derivative of f**7/5040 - f**6/60 + 7*f**5/60 - 8*f**2. Let p(c) be the third derivative of b(c). What is p(7)?
-5
Let f be -6*(3 - 6)/(-9). Let z = -2 - -4. Let j(y) = 7*y**2 - 3*y**2 + 2 + 3*y - z*y**2. Calculate j(f).
4
Let p(h) be the third derivative of -h**5/60 - h**4/24 + 2*h**3/3 + h**2. Suppose 10*i + 164 = 134. What is p(i)?
-2
Let o(s) = -s**3 - 3*s**2 - s + 1. Suppose 5*g - 3*g = 28. Let i = -10 + g. Suppose 0 = -5*n + i*m - 15, -3*n - 2 = m + 7. What is o(n)?
4
Let z(n) be the third derivative of -n**5/60 - 7*n**4/24 - n**3/3 + 30*n**2. What is z(-5)?
8
Let i(d) = d**3 + 5*d**2 - 1. Let b be (-22)/5 + (-15)/25. Calculate i(b).
-1
Let a(g) be the second derivative of g**6/360 + g**5/24 + g**4/6 - g**3/6 + 2*g. Let h(u) be the second derivative of a(u). Let o = -127 - -123. What is h(o)?
0
Let c be (1*2)/((-7)/(-7)). Let v = -2 + c. Let z(g) = 8 - 3*g + 2*g + 2*g - g**3 + v*g - g**2. Calculate z(0).
8
Let v(p) = 3*p + 7. Let u(g) = 2*g + 7. Let m(d) = 4*u(d) - 3*v(d). Let r be 0 + -1 + -3 + 8. Determine m(r).
3
Let c(y) = -y + 2. Let d be c(8). Let t(j) = j**3 + 6*j**2 + 1. Determine t(d).
1
Let v = 0 + 2. Let g(n) = -2 - 7*n - n**v + 14*n - 3. Determine g(5).
5
Let m(b) = -b**2 - 6*b - 1. Let k be m(-5). Let p(o) = -5*o**2 + 2*o - 2. Let s(y) = -4*y**2 + y - 2. Let r(j) = -5*p(j) + 6*s(j). Calculate r(k).
-2
Suppose -2*a + 4*a - 18 = 4*s, -4*s = a + 9. Let h(x) = -x + 1. What is h(s)?
4
Let b(p) be the third derivative of p**5/30 + p**4/6 - 2*p**2. Let z(a) = a**3 - 5*a**2 - 8*a + 9. Let o be z(6). What is b(o)?
6
Suppose -n + 7 = 5*j - 0, -4*n + 28 = -5*j. Let x(c) = -c**2 + 9*c - 8. Give x(n).
6
Let h(l) = 5*l**3 + 4*l**2 - 10*l - 8. Let t(i) = i**3 + i**2 - i - 1. Let v(x) = h(x) - 6*t(x). Let j be ((-2)/(-6))/((-6)/36). What is v(j)?
6
Let t(o) = 2*o. Suppose -3*i - 2*i = -15. Let u be (-6)/4*(i - 5). Suppose -6*s - 9 = -u*s. Give t(s).
-6
Let c(a) = a**3 - 5*a**2 + 3*a + 4. Let f be c(4). Suppose -y + 4*y = f. Let h(d) = -d**3 - d**2 + 9. Give h(y).
9
Let r(l) be the third derivative of l**6/120 + l**5/30 - l**4/6 - l**3/3 + 5*l**2 - 5*l. Calculate r(-4).
-18
Let l(z) = -z**2 + 4*z - 6. Suppose -3*r + 14 = -a, 0 = 4*r - a + 2*a - 14. Suppose k = -0 + r. What is l(k)?
-6
Suppose 2 = -2*j, -j + 1 = 4*l + 2*j. Let m(q) = -q**2 - q - 4*q - q + q - l. Determine m(-5).
-1
Let n(j) = -j - 7. Let l be ((-1)/(-2))/(4/(-48)) + -2. Give n(l).
1
Let b(m) = -m**2 + 3*m + 2. Let g = -5 + 3. Determine b(g).
-8
Let z(l) = -l**3 + l**2 + l - 5. Let q = -2 - -2. Suppose 2*d + q*d = 0. What is z(d)?
-5
Let f(l) = 3*l + 3. Suppose -42 = 13*r - 7*r. Calculate f(r).
-18
Let l(h) = h + 6. Let i(v) be the second derivative of -v**3/2 - 11*v**2/2 - 3*v. Let g(u) = 2*i(u) + 5